lue of 63 - (-10 - (-4 + -12 - -9))?
66
23 + -135 + 9 + 4 + -16 + -8
-123
What is 22 + 75 + -3 + -119?
-25
Calculate (-12 - (38 + 0 - (333 + -333))) + -17.
-67
What is the value of -18 - -3 - (-16 - (-102 + 70))?
-31
What is 40 + (8 - 17) + 7 + (-3 - (-3 + -3))?
41
(-22 - 18) + 7 - -22
-11
-16 + 15 + -11 + -9 + 3
-18
15 + -106 + 0 + 29 - 27
-89
62 + 22 + (-1 - 2) + -10 + (41 - 21)
91
What is 13 + (-6 - (((13 - 8) + -11 - 8) + -30))?
51
(3 - 0) + 3 + (4 - 5) - (-1361 + 1370)
-4
-36 - ((0 - -63) + (885 - 927))
-57
(-3 - (-1 + 7 + -3 - 2)) + (-19 - -44)
21
Calculate 66 - 201 - -87 - -44.
-4
What is the value of 9 + 1 + 2 + 178 + 537 + -564 + -14?
149
Calculate (-1256 - -1344) + (-196 - -4).
-104
What is the value of -514 + 520 + 1 + (-1 - (1 + -4)) - -57?
66
-92 - -2 - -4 - (-101 - (69 - 156))
-72
9 + -2 + (3 + 39 - 17)
32
What is 2 - -5 - (5 - (-6 + (-2 - -11))) - 34?
-29
What is the value of -29 - (-13 - (17 + -26 - 14))?
-39
What is (1 - -13 - 17 - -23) + -2?
18
Evaluate 170 + -82 - 210 - -244.
122
Calculate -2 + (-12 - -2) + -8 + 19.
-1
Evaluate (167 - 194 - 20) + -6.
-53
Calculate -7 + 10 + -6 + -4 + 9 - 3 - 29.
-30
What is 5 + (-10 - -14) + -4 + -19 - 8?
-22
Calculate -4 + -8 - (-16 + -2) - -18.
24
What is the value of 439 + -314 - (81 - 11)?
55
What is the value of -13518 + 13526 - (-11 + 0 + 3 + -2)?
18
-1 + -6 + (-57 - (-127 + 106))
-43
Evaluate 87 - (-22 + (14 - -43)).
52
Calculate 98 + -122 + -94 + 38.
-80
Calculate (-2 - 1) + 31 + -22 + 10 + -19 - 36.
-39
(57 - 28) + 2 + -42
-11
Evaluate -27 - (4 + 0 + 2 - (50 + (-93 - -51))).
-25
(13 - -1) + -14 + 30 + -31
-1
What is the value of 34 + -19 + (26 - 93 - 15)?
-67
-14 + (-12 - -13) + (1 - -2) + 13 - -17
20
Calculate 59 + (38 - ((-14 - -13) + 9)) + -16.
73
Calculate (-7 + 1 - (-3 + (-24 - -29))) + 56.
48
Evaluate (104 - 60) + -124 + 64.
-16
What is the value of -27 - (-14 - 20 - -18) - (-110 - 8)?
107
Calculate 13 + 0 + -17 + -2 + -18.
-24
What is the value of -1670 + 1629 + (-8 + 3 - 0)?
-46
Calculate (2 + 0 + 1 - (796 - 807)) + -32.
-18
Calculate (13 + -3 - (75 - -32)) + -5 + 16.
-86
Calculate (97 - (-12 - (-5 - -12)) - 15) + 6.
107
What is 4 - 3 - -31 - (-3366 + 3317)?
81
What is 30 + -6 + -42 - (7 - (8 + (-10 - 2)))?
-29
What is the value of (13 + (29 - 43) - -19) + -1 + 8?
25
Calculate 66 + -43 + -33 + -14 + -2 + 4 + 11.
-11
Calculate (-39 + 21 - (6 + 0)) + (-7 + 2 - 0).
-29
Evaluate -99 - -120 - -22 - -37.
80
What is the value of 20 - 9 - 23 - 26?
-38
What is the value of (-39 - (-25 + (23 - 14 - 10))) + (0 - -80)?
67
(67 - 79) + 41 + (-2 - 10)
17
Calculate 46 - (-15 + 6) - ((13 - 5) + -12 + 7).
52
Calculate 19 + ((-13 - -12) + -5 - (-26 - 6)).
45
-47 + 65 - (42 + -59)
35
What is the value of (335 - 357) + -7 + 1 + 4?
-24
Evaluate 2 + (-9 - -112) + -76.
29
Evaluate -138 - (-156 - -14) - ((1 - 57) + 1).
59
What is the value of (-5 - -4 - 59) + (-17 - -22) + (6 - 6)?
-55
Calculate -272 + 214 - -38 - (0 - 16).
-4
What is -129 + (-71 - -344) - (36 + -2)?
110
-100 + 87 + -29 + 106
64
Evaluate (-6 - -9 - 1 - -3) + (7 - 13) + -16.
-17
Calculate 30 + -24 + (-3 + 3 - (-12 - -21 - 43)).
40
Evaluate -1340 + 1391 - (53 + 0).
-2
(40 + -64 - -22) + (0 - 22)
-24
28 + 25 + (15 - 57)
11
Calculate (-57 + 63 - (90 + 1)) + -77 + 94.
-68
-7 - 1 - -17 - (-10 - 1 - 4)
24
Calculate -22 - (79 - 102 - (-7 + 9)).
3
What is the value of -1 + (5 - (-2 - -1 - (-296 - -275)))?
-16
(35 - -23) + 39 + -6 + -5
86
What is the value of (10 - (19 - -3 - 29)) + 14?
31
Calculate 5 - ((5 - 6) + (49 - (-2 + 1 + -3))).
-47
Calculate 13 + 75 + 711 + -737.
62
What is the value of (22 - 0 - -15 - 25) + 1 + -76 - 6?
-69
Calculate 91 + (13 - 13) - (-17 + (9 - (3 + -2))).
100
Evaluate -14 - (-19 - (8 - (5 + -18))).
26
23 + -2 + 1 - (-14 - 19 - -18)
37
Calculate 6774 + -6849 + 0 + 152.
77
What is the value of 379 + -366 + -35 + -5?
-27
1 + -13 - (3225 + -3186)
-51
What is the value of 48 + -11 + 57 + -102?
-8
(9 - 11 - 124) + (-2 - (0 - 1) - -10)
-117
Calculate -65 + 58 + -8 + (-4 - 40).
-59
85 + -2 - (-36 - -29) - (374 - 353)
69
Calculate 3 - (-71 + 96 + -47).
25
What is (46 - (-18 - -28)) + 45?
81
What is the value of (2 - 29) + 39 + 25 - -9?
46
Calculate (-9 - -72) + -27 - (0 - 66).
102
What is 5 + (-40 + 51 - (10 + 8 + -7))?
5
Calculate (-82 - -80) + (8 - -7) + -6 + 10.
17
What is 24 - (138 - (89 - -19))?
-6
Evaluate (4 - (-46 - -16)) + -46.
-12
Calculate 30 + -5 + 64 - 49 - -75.
115
What is (5 - -11) + (92 - ((3 - 2) + 0 - -5))?
102
Evaluate 57 + -124 + 60 - 21.
-28
What is the value of (1292 - 1298) + 0 + 2 + -4 + 8 + 25?
25
Evaluate (-38 - -16) + 2 + 21 - -38.
39
Calculate -35 + 28 + -5 - 43 - 41.
-96
What is -2 - ((-1 - 8 - -3) + -7 + -1 - -10)?
2
Calculate -13 + (-117 - -93) + -60.
-97
Evaluate 26 - (-3 + 2 + -3) - (21 - 31).
40
Calculate -31 + -5 + 12 + -12.
-36
9 + (-1 - (3 + -6) - (-26 + 16))
21
-28 + ((-13 - -3) + (-16 - -30) - 4)
-28
What is 2 + (-35 - (7 + -42)) - -56?
58
-13234 + 13303 - ((-47 - -3) + 1)
112
What is (-3 - 4 - -3) + 2 + -59 + 14?
-47
What is the value of 96 + -13 + -4 - (-8 + 12 - 3)?
78
What is the value of 50 - (13 - -33) - 9?
-5
What is -79 + 4 + -26 + 94?
-7
Calculate (8 - -15) + -58 + (-28 - -60).
-3
What is 74 - (23 - (-11 + -22))?
18
What is (-3988 - -4035) + (-31 - -1)?
17
What is the value of 41 + -21 + 12 + 2 + 6 + -2?
38
Calculate -14 + (-22 + 7 - -4) - (-13 + 3).
-15
What is the value of -15 - -42 - (-142 + 167)?
2
47 - (3 + (1 - (-4 - (-6 - 14))))
59
(-1 - 47) + (-134 - -59) + 97
-26
Evaluate 0 + -22 + 3199 + -3111.
66
Evaluate 11 + 27 + -19 + -20 - (3 - (-6 + 5)).
-5
Evaluate (-177 - -178) + (2 - 23) - -32.
12
Evaluate -296 + 312 + 8 + -2 + -44.
-22
What is the value of (-5 - -10) + 2 + (358 - 312)?
53
What is -24 + -2 - (61 + -28 + -27)?
-32
What is ((7 - -25) + -22 - 14) + -2 + 21?
15
Calculate (30 - 42 - (1 + -9) - 0) + (-8 - 47).
-59
What is the value of (11 + -53 - 52) + (0 - 8) + 21?
-81
What is -16 + (1 + 34 - 9) + (11 - 1)?
20
Evaluate -9 + (-20 - -6 - 30 - -9).
-44
What is 7 - (1 - -11 - (-3 + 22)) - (7 + -126)?
133
-8 - (-18 + (-11 - (-12 + -21)))
-12
What is the value of (25 - (-3 - -8)) + (-15 - (-1 - 8)) + -9?
5
Calculate 17 + (16 + 3 - 3 - (27 + (24 - 44))).
26
What is the value of 9 + (-22 - (51 + -110)) + (-1 - 3)?
42
4 + 0 + -2 + -138 + (-12 - -1) + 31
-116
What is the value of 129 - (-8 - (-3 + 1) - (-102 - (-43 - 56)))?
132
What is the value of (1 - -93) + (-7 - (89 + -79)) + -13?
64
What is -36 + 8 + -34 + 41?
-21
Calculate 348 + -326 + (1 + -3 - (-3 + -2)).
25
(-85 - -1) + -2302 + 2460
74
(42 - (0 - 0 - 2)) + -1 + 1322 + -1331
34
Calculate (-14 - -13) + -108 + -2 + 11 + 6.
-94
Evaluate (-63 - -8) + 39 - (0 - (-11 - 0)).
-27
Evaluate 7 - ((2 - (-3 - -3) - -8) + 39 + -46).
4
What is -64 + 6 + 67 - (-1 + 10 - 1) - -54?
55
What is the value of -4 - (5 - (13 - (17 - 27 - (1 + -18))))?
-3
Evaluate -23 - ((9 - (-4 - -8)) + -8 + -8).
-12
29 + (-16 - 18) + ((5 - 2) + -5 - 20)
-27
Evaluate -11 + 6 + 7 + (-2 - 4) + -41 + -2.
-47
Calculate (26 - (12 - 24 - -23) - 14) + -65.
-64
Evaluate (2 - 53) + (771 - 747).
-27
Evaluate 11 + 109 + -108 + -35.
-23
What is 21 - -11 - 18 - 16 - (-29 + (0 - -3))?
24
Evaluate 23 + 1 + -1 - (615 - 557).
-35
Calculate -14 + (-9 - 22 - -3).
-42
Evaluate -10 + (-15 - (-101 + 15)) - (-2 - -14).
49
-4 - (12 + -16 + -13 + 43)
-30
Calculate -11 + (3 - 1) - (4 + -19) - 30.
-24
What is 43 + -39 + (-14 - -11) + 23?
24
Evaluate (666 - 669) + (4 - 5) + (-1 - 0 - -57).
52
-1 + -1 - 11 - (-24 - 13)
24
What is the value of (4 - -2 - 10) + -9 + 11 + 0 + -48?
-50
What is -22 + (88 + 19 + -13 - 21)?
51
What is 0 + -41 + (-7 + -4 + 26 - 11) - -10?
-27
What is 48 + -57 + -13 + (49 - 5)?
22
Calculate -13 - ((-105 - -44) + 38).
10
17 + -23 + 136 + 42 + -41
131
-3 + -1 + -273 + 204 + -51 + -1
-125
-17 + 8 + -31 + 13 + -53
-80
What is the value of 24 - 7 - (13 + -3 + -18 + -8)?
33
What is 2 + 48 - (-28 + -6 + 17 - -32)?
35
Calculate 73 + -109 + 109 - (3 + -16 + 0).
86
What is the value of 11 + 0 + (12 - 2) + (-8 - (-105 + 54))?
64
Calculate -5 + -71 + 3 + (-81 - (22 + -124)).
-52
What is -1 + (-29 + 37 - (3 - 3)) + (-16 - 0)?
-9
Evaluate -1 + -12 + 91 + -99 + 5.
-16
Evaluate 6 + -4 + (-4 - 4) - (24 - 7 - 23).
0
-81 + 53 + 16 - (-6 + -5)
-1
What is -286 - -278 - (2 -